 6?
7
What is the value of 3 - 3 - -1 - (-19 + 15)?
5
(1 - 2) + -12 + (7 - -1)
-5
What is the value of -3 - (4 - ((2 - -6) + -1))?
0
What is 0 + -13 + (-19 + 12 - -13)?
-7
Evaluate (-28 - -26) + (-1 - -4) + 1.
2
Calculate -11 + 14 + -1 + -6.
-4
Calculate (-6 - 2) + 1 + 4.
-3
What is the value of -1 + (7 - 3) + -8?
-5
What is the value of 8 - (7 + -1) - -3?
5
Evaluate -1 + (4 - -8) - 10.
1
What is the value of 7 - 5 - 5 - -10?
7
Calculate -1 + 0 - (52 - 58).
5
Evaluate -14 + 4 - (-9 - -6).
-7
What is -2 - (0 + 4 + -5 + 3)?
-4
Calculate 6 - (10 + 0 - (-1 - -4)).
-1
Evaluate 7 - (4 + 7 + -1).
-3
2 + -1 - (0 - -4 - 10)
7
What is the value of (2 - 3 - 1) + 4 + -5?
-3
What is 0 - -5 - 1 - (99 + -95)?
0
-2 + -3 + 3 + 4 + -3
-1
Calculate 33 + -23 + (-15 - -1).
-4
Evaluate (1 - 2) + 2 + 1 + 0.
2
(9 - -3) + -15 + 7
4
What is -1 + 5 + -1 - 3?
0
What is -1 - (-2 + (-6 - (0 - 10)))?
-3
Calculate (0 - 1) + -3 + 0.
-4
-1 - -5 - (-14 - -21)
-3
What is 1 - (-4 - -3) - 0?
2
What is -10 + -2 + 15 - (0 + 6)?
-3
Evaluate -5 + -1 + 4 + -1.
-3
What is the value of 5 + -2 - 9 - -4?
-2
What is -4 + 15 + -4 - (24 + -20)?
3
4 - ((-4 - 4) + 12)
0
-2 + 2 + 6 - (-2 - -1)
7
What is (-3 - (-2 + 1)) + 139 + -134?
3
What is -2 + -4 + 8 + -5?
-3
-1 + 0 - -1 - (4 + -3)
-1
15 - 12 - (0 + 4)
-1
1 - 1 - (-3 - -2)
1
What is the value of 3 + 5 + (43 - 42)?
9
What is -7 - ((-4 - -1) + -3 + 10)?
-11
What is the value of -3 + -4 + 4 + -1?
-4
What is the value of (2 - (-5 - -5)) + 1 + -5?
-2
Calculate (-6 - (-5 - -7)) + 5.
-3
What is -1 + -4 + 1 + 6 + 0?
2
What is the value of -3 + (-6 - -5) - -7?
3
Calculate 6 - (0 - (4 + -5)).
5
What is the value of (-3 - -11) + (0 - (-3 + 6))?
5
-6 + 3 + 0 + 2 + 0
-1
What is -10 + 2 - -8 - (1 - -4)?
-5
Calculate 1 + (-2 - (-1 + -1)).
1
Evaluate (1 - -2) + -23 + 23.
3
What is -4 + (4 - (0 - (-1 + 1)))?
0
What is the value of 105 - 100 - (1 + 5 - 0)?
-1
What is -4 + (-3 - (-1 + -3)) - -1?
-2
What is 0 - 1 - (6 - 9)?
2
What is the value of (8 - 5) + -5 + 11 + -4?
5
What is the value of (-1 - -5) + -9 + 8?
3
What is 10 + -14 - (0 - 0)?
-4
Evaluate (13 - (5 - -6)) + 2.
4
-4 + (14 - (5 - -3))
2
Calculate -5 - (4 + 2 - 1 - 9).
-1
What is the value of -8 + 12 + (0 - 0)?
4
Evaluate 7 + -3 + (-12 - -7).
-1
Evaluate (3 - 16) + 13 + -7.
-7
Calculate -3 - 0 - 6 - -5.
-4
What is 2 + 2 - (7 - 3 - 2)?
2
What is the value of 18 + -3 + -2 + -5?
8
Calculate (8 - 12) + -1 + 7.
2
What is 4 + (1 - (-6 + 2 - -3))?
6
What is (5 - (-15 + 8 - 0)) + -3?
9
What is the value of (1 - (5 - 2)) + -42 + 43?
-1
Evaluate -4 + (2 - 1) + (8 - 6).
-1
Calculate -14 + -1 + -44 + 55.
-4
What is the value of -2 + 0 + -5 + 0 + 1?
-6
What is the value of -1 - (-4 - (-2 + -3))?
-2
11 + -6 + 8 - 17
-4
What is (2 - 8) + (9 - (0 + 1))?
2
What is the value of 2 + 1 + -2 + 22 + -23?
0
(1 - (14 - 6)) + (-1 - 1)
-9
What is the value of -6 - (11 - 2) - -10?
-5
Evaluate 2 + (9 - 18 - -8) - -8.
9
Calculate 0 + 1 + 2 + -1.
2
Calculate (0 - -2) + (-4 - -12 - 15).
-5
What is -2 - (-2 + 3 + 1 - 4)?
0
What is 7 + -5 + (-4 - 6) + 5?
-3
6 + -5 + 1 + -5
-3
(23 - (22 + -4)) + (1 - 0)
6
Calculate -3 + 4 + (-1 + -7 - -4).
-3
What is -3 + 7 + 3 - (1 + 3)?
3
-1 + 1 - (0 + -1 + 2)
-1
Calculate (-10 + 6 + -6 - -6) + -2.
-6
-3 + 5 + 3 + -7
-2
-4 - (-11 + -7 + 8)
6
Calculate -228 - -224 - (-1 - -4).
-7
What is the value of -3 - (8 + -18) - 3?
4
Evaluate 0 + 5 + (-11 - -3).
-3
Calculate -3 - (-1 - (3 + -4)).
-3
Evaluate 0 + (-3 - (4 - (12 - 4))).
1
(-2 - 1) + (-3 - 0 - -3)
-3
Evaluate -3 + (6 - -4) + -5.
2
Calculate 1 + (4 - 13 - (-4 + -1)).
-3
What is (20 - 18) + (0 - 0) + -7?
-5
Calculate 2 - (11 + -18 + 3 + 1).
5
(-7 + 0 - (-3 - 1)) + -1
-4
What is -3 - (-9 + 4) - (1 + 3)?
-2
1 + (-2 - (1 + -1 + 1))
-2
What is -2 + (0 - (1 - 2) - 3)?
-4
Calculate 3 + 0 + -2 - -3.
4
Calculate 2 + (-2 - -1 - -3).
4
What is the value of 4 + (-9 - 0) + -1?
-6
Evaluate (13 - (10 + 10)) + (0 - -4).
-3
What is the value of (9 - 4 - 9) + (0 - -3)?
-1
Evaluate (3 - (8 - -7)) + 0 + 6.
-6
What is 6 + -6 - 11 - -7?
-4
What is 4 + -20 + (-4 - -10) + 6?
-4
Evaluate (-2 + 0 + 0 - -4) + 4.
6
What is the value of (2 - 2) + (0 + -1 - -10)?
9
What is the value of (-7 - 0) + 2 - (-13 - -2)?
6
What is 1 - (1 - (-3 - 0))?
-3
Calculate (3 - 1) + -5 + 4.
1
What is the value of -3 + -5 + 1 + -14 + 15?
-6
What is the value of -6 + 3 - (6 + 4 + -8)?
-5
Evaluate 3 - ((19 - 13) + 6).
-9
Evaluate 3 + (3 - -1) + -3 + -3.
1
Evaluate -2 + -1 + (-12 - -14) - -5.
4
(1 - 2 - 1) + 1
-1
What is the value of -20 + 28 + -3 + -1?
4
Calculate (5 - -2) + 6 + -5 + -5.
3
Evaluate 3 - (2 - (6 + -4)).
3
Calculate 6 + -8 - 1 - -8.
5
What is 0 + -11 + 16 + (-1 - 2)?
2
Evaluate 3 - 6 - (-23 + 18).
2
Calculate (2 - 0) + -25 + 29.
6
22 + -31 - (0 - 4)
-5
What is the value of 10 - ((1 - -3) + 4)?
2
What is -1 - 0 - 1 - -2 - 3?
-3
Evaluate 2 - (9 - (4 + 2)).
-1
What is 7 + (-3 - 0) - 0?
4
106 - 106 - ((1 - 0) + -3)
2
What is 1 + 7 - (6 + 4 + -6)?
4
What is 3 - (5 - (-2 - -3 - 1))?
-2
Calculate (-1 - -5) + (-1 + -3 - -1).
1
(-4 - (-15 - -4)) + -4
3
Calculate 5 - ((-3 - 2) + 7).
3
Calculate 3 - (7 - (13 + -1) - -11).
-3
What is 14 - 15 - (0 - 6)?
5
4 - (-3 - -4 - -2 - 1)
2
(10 - (6 - 0) - 9) + 0
-5
Calculate -4 + 5 + 0 + 5.
6
Evaluate (0 - (-1 + 2 - -3)) + 5.
1
Evaluate 5 + -3 + (8 - 7).
3
Calculate -3 + (1 - -2) + (1 - 1).
0
What is the value of -2 + 0 + (0 - 3 - -1)?
-4
What is (-71 - -59) + (-1 - -4)?
-9
3 - (3 - (-2 - 2 - -9))
5
-6 + -2 + (7 - -5)
4
What is -6 - (-16 + 3) - 6?
1
What is 0 + 7 - ((32 - 12) + -5)?
-8
(10 - 7 - -8) + -6
5
-2 + 0 - (-5 + -3) - 1
5
Calculate -3 + (-4 - -4) + 3 + -3.
-3
What is 1 - (0 + 8) - -8?
1
36 + -36 - (1 - 6)
5
Calculate (9 - (-3 + 11 + -1)) + -3.
-1
What is the value of -5 - ((-7 - -7) + 1)?
-6
What is -1 + 3 + 1 - (7 + -7)?
3
Evaluate 5 + -4 + -1 + 3 - 10.
-7
Calculate (4 - 2) + -2 - -4.
4
What is the value of 5 - (1 + (2 - -4 - 3))?
1
What is the value of 7 - (-14 + 7 - -5)?
9
Evaluate (1 - -3) + -6 + 4 - 1.
1
What is the value of -36 + 39 - (0 + 7)?
-4
What is -9 + 2 + 8 + -11?
-10
(-57 - -53 - (0 - 8)) + 4
8
Evaluate -22 - (-5 - (17 - 10)).
-10
Calculate 7 + (-5 - (-4 + 8)).
-2
Calculate 54 + -50 - (-2 - 0).
6
What is 2 + (-9 - -4) + 3 - 5?
-5
(2 - (-1 + 5)) + -3
-5
(-3 - -3) + 0 + -1 + 2
1
(1 - -1) + (1 - 4 - -2)
1
What is the value of -5 + 10 + 1 + -9 + 1?
-2
3 - ((10 - 2) + -6)
1
Calculate 3 + 1 + (-3 - 1).
0
(-23 - -16) + (1 - -13)
7
Evaluate (-3 - (3 - 8) - 0) + -1.
1
What is the value of 3 + (6 - 6) + -5?
-2
What is 4 + (1 + 1 - 10)?
-4
-5 + 8 + 6 - 4
5
What is -8 - ((-2 - (-4 + 0)) + -3)?
-7
What is -2 + -11 + 17 - -6?
10
-3 + -2 + (-15 + 8 - -8)
-4
What is the value of (2 - 3) + (5 - (2 + -2))?
4
(32 - (4 + 8)) + -12
8
Calculate -2 - (-2 + (-7 - 0)).
7
What is the value of -5 + 2 + 0 + -1?
-4
Evaluate -2 - (-3 - -7 - 1).
-5
What is the value of 6 + (-8 - 6 - -7)?
-1
Calculate 4 + (-1 - -1) + -1 - 6.
-3
What is -7 + -1 + (27 - (13 - -11))?
-5
What is the value of -10 + 11 + (-5 - (-4 + 6))?
-6
-5 + 9 + -4 + 2
2
What is (7 - (-11 + 24)) + (3 - -11)?
8
Evaluate 4 + -19 + 0 + (2 - -3).
-10
What is 2 + (3 - 16) - -5?
-6
What is 0 + (5 - (0 + 1))?
4
What is -3 - ((-7 - -16) + -11)?
-1
What is 3 + 5 + (-24 - -9)?
-7
What is (74 - 78) + (-3 - -1) + 1?
-5
Evaluate 1 + (-7 + 6 - (9 - 2)).
-7
4 - (-9 - (-5 + 0) - -2)
6
Evaluate 4 + -1 - 3 - -2 - 0.
2
Calculate 2 + (1 - (3 - 4) - 0).
4
Calculate 2 - 6 - (-4 - -5).
-5
What is -2 - 4 - (-2 - 2) - 1?
-3
What is the value of 13 + -14 - (1 + 1) - -1?
-2
What is the value of 0 - -4 - (0 - 1 - -1)?
4
What is the value of 4 - -3 - (3 - -2)?
2
What is the value of 8 + -10 - (13 - 5)?
-10
Calculate (7 + -4 - 0) + -1 + -2.
0
Evaluate (1 - (6 - 2)) + 2.
-1
What is -4 - ((-13 - (6 + -7)) + 6)?
2
What is the value of (-1 - (4 + 0)) + 8?
3
Evaluate (3 - (-4 - -10)) + 3 + -1.
-1
Evaluate (-16 + 7 - -6) + -7 + 7.
-3
(13 - 11) + -2 + -1 + 1
0
28 + -19 + (2 - 11)
0
-4 + (4 - (0 - (5 - 0)))
5
Evaluate (7 - 8) + -1 + 2.
0
What is -1 + (1 - (2 - 1)) + 4?
3
Evaluate (-2 - -4) + (-8 - -4).
-2
What is the value of (3 - (-3 - -8)) + (5 - 4)?
-1
What is -5 + (5 - (3 - 1))?
-2
Evaluate (5 - 3) + 4 + -9 - -3.
0
0 + (-3 - -5) - 5
-3
Evaluate -2 + (-6 - -1) - -3.
-4
What is (-3 - (-1 + 10)) + 6?
-6
Evaluate 1 + (3 + -10 - -5).
